{"id":3567,"date":"2024-07-12T20:46:20","date_gmt":"2024-07-12T20:46:20","guid":{"rendered":"https:\/\/colegiosarquidiocesanos.edu.co\/inicio\/?page_id=3567"},"modified":"2026-04-22T11:24:09","modified_gmt":"2026-04-22T16:24:09","slug":"error-page","status":"publish","type":"page","link":"https:\/\/colegiosarquidiocesanos.edu.co\/inicio\/error-page\/","title":{"rendered":"error page"},"content":{"rendered":"\t\t<div data-elementor-type=\"wp-page\" data-elementor-id=\"3567\" class=\"elementor elementor-3567\" data-elementor-post-type=\"page\">\n\t\t\t\t<div class=\"elementor-element elementor-element-5ed855c8 e-flex e-con-boxed e-con e-parent\" data-id=\"5ed855c8\" data-element_type=\"container\" data-e-type=\"container\" data-settings=\"{&quot;background_background&quot;:&quot;classic&quot;}\">\n\t\t\t\t\t<div class=\"e-con-inner\">\n\t\t<div class=\"elementor-element elementor-element-2275f539 e-con-full e-flex e-con e-child\" data-id=\"2275f539\" data-element_type=\"container\" data-e-type=\"container\">\n\t\t\t\t<div class=\"elementor-element elementor-element-41c284da elementor-invisible elementor-widget elementor-widget-image\" data-id=\"41c284da\" data-element_type=\"widget\" data-e-type=\"widget\" data-settings=\"{&quot;_animation&quot;:&quot;fadeIn&quot;}\" data-widget_type=\"image.default\">\n\t\t\t\t<div class=\"elementor-widget-container\">\n\t\t\t\t\t\t\t\t\t\t\t\t\t\t\t<img fetchpriority=\"high\" decoding=\"async\" width=\"800\" height=\"373\" src=\"https:\/\/colegiosarquidiocesanos.edu.co\/inicio\/wp-content\/uploads\/2024\/06\/BannerSIH-1024x477.webp\" class=\"attachment-large size-large wp-image-2971\" alt=\"\" srcset=\"https:\/\/colegiosarquidiocesanos.edu.co\/inicio\/wp-content\/uploads\/2024\/06\/BannerSIH-1024x477.webp 1024w, https:\/\/colegiosarquidiocesanos.edu.co\/inicio\/wp-content\/uploads\/2024\/06\/BannerSIH-300x140.webp 300w, https:\/\/colegiosarquidiocesanos.edu.co\/inicio\/wp-content\/uploads\/2024\/06\/BannerSIH-768x357.webp 768w, https:\/\/colegiosarquidiocesanos.edu.co\/inicio\/wp-content\/uploads\/2024\/06\/BannerSIH.webp 1476w\" sizes=\"(max-width: 800px) 100vw, 800px\" \/>\t\t\t\t\t\t\t\t\t\t\t\t\t\t\t<\/div>\n\t\t\t\t<\/div>\n\t\t\t\t<div class=\"elementor-element elementor-element-d3f1bcc elementor-invisible elementor-widget elementor-widget-image\" data-id=\"d3f1bcc\" data-element_type=\"widget\" data-e-type=\"widget\" data-settings=\"{&quot;_animation&quot;:&quot;fadeIn&quot;,&quot;_animation_delay&quot;:200}\" data-widget_type=\"image.default\">\n\t\t\t\t<div class=\"elementor-widget-container\">\n\t\t\t\t\t\t\t\t\t\t\t\t\t\t\t<img decoding=\"async\" width=\"768\" height=\"1024\" src=\"https:\/\/colegiosarquidiocesanos.edu.co\/inicio\/wp-content\/uploads\/2024\/05\/IMG_7660-1-768x1024.webp\" class=\"attachment-large size-large wp-image-2646\" alt=\"\" srcset=\"https:\/\/colegiosarquidiocesanos.edu.co\/inicio\/wp-content\/uploads\/2024\/05\/IMG_7660-1-768x1024.webp 768w, https:\/\/colegiosarquidiocesanos.edu.co\/inicio\/wp-content\/uploads\/2024\/05\/IMG_7660-1-225x300.webp 225w, https:\/\/colegiosarquidiocesanos.edu.co\/inicio\/wp-content\/uploads\/2024\/05\/IMG_7660-1-1152x1536.webp 1152w, https:\/\/colegiosarquidiocesanos.edu.co\/inicio\/wp-content\/uploads\/2024\/05\/IMG_7660-1-scaled.webp 1440w\" sizes=\"(max-width: 768px) 100vw, 768px\" \/>\t\t\t\t\t\t\t\t\t\t\t\t\t\t\t<\/div>\n\t\t\t\t<\/div>\n\t\t\t\t<\/div>\n\t\t<div class=\"elementor-element elementor-element-52d91c92 e-con-full e-flex e-con e-child\" data-id=\"52d91c92\" data-element_type=\"container\" data-e-type=\"container\">\n\t\t\t\t<div class=\"elementor-element elementor-element-1412e248 elementor-invisible elementor-widget elementor-widget-image\" data-id=\"1412e248\" data-element_type=\"widget\" data-e-type=\"widget\" data-settings=\"{&quot;_animation&quot;:&quot;fadeIn&quot;,&quot;_animation_delay&quot;:400}\" data-widget_type=\"image.default\">\n\t\t\t\t<div class=\"elementor-widget-container\">\n\t\t\t\t\t\t\t\t\t\t\t\t\t\t\t<img decoding=\"async\" width=\"800\" height=\"534\" src=\"https:\/\/colegiosarquidiocesanos.edu.co\/inicio\/wp-content\/uploads\/2024\/06\/caracrerizacion-1024x683.webp\" class=\"attachment-large size-large wp-image-2993\" alt=\"\" srcset=\"https:\/\/colegiosarquidiocesanos.edu.co\/inicio\/wp-content\/uploads\/2024\/06\/caracrerizacion-1024x683.webp 1024w, https:\/\/colegiosarquidiocesanos.edu.co\/inicio\/wp-content\/uploads\/2024\/06\/caracrerizacion-300x200.webp 300w, https:\/\/colegiosarquidiocesanos.edu.co\/inicio\/wp-content\/uploads\/2024\/06\/caracrerizacion-768x512.webp 768w, https:\/\/colegiosarquidiocesanos.edu.co\/inicio\/wp-content\/uploads\/2024\/06\/caracrerizacion.webp 1299w\" sizes=\"(max-width: 800px) 100vw, 800px\" \/>\t\t\t\t\t\t\t\t\t\t\t\t\t\t\t<\/div>\n\t\t\t\t<\/div>\n\t\t\t\t<div class=\"elementor-element elementor-element-2282b497 elementor-invisible elementor-widget elementor-widget-image\" data-id=\"2282b497\" data-element_type=\"widget\" data-e-type=\"widget\" data-settings=\"{&quot;_animation&quot;:&quot;fadeIn&quot;,&quot;_animation_delay&quot;:600}\" data-widget_type=\"image.default\">\n\t\t\t\t<div class=\"elementor-widget-container\">\n\t\t\t\t\t\t\t\t\t\t\t\t\t\t\t<img loading=\"lazy\" decoding=\"async\" width=\"768\" height=\"1024\" src=\"https:\/\/colegiosarquidiocesanos.edu.co\/inicio\/wp-content\/uploads\/2024\/02\/533110ab-ca55-40ed-851c-c72d300cba3d-768x1024.webp\" class=\"attachment-large size-large wp-image-2443\" alt=\"\" srcset=\"https:\/\/colegiosarquidiocesanos.edu.co\/inicio\/wp-content\/uploads\/2024\/02\/533110ab-ca55-40ed-851c-c72d300cba3d-768x1024.webp 768w, https:\/\/colegiosarquidiocesanos.edu.co\/inicio\/wp-content\/uploads\/2024\/02\/533110ab-ca55-40ed-851c-c72d300cba3d-225x300.webp 225w, https:\/\/colegiosarquidiocesanos.edu.co\/inicio\/wp-content\/uploads\/2024\/02\/533110ab-ca55-40ed-851c-c72d300cba3d-1152x1536.webp 1152w, https:\/\/colegiosarquidiocesanos.edu.co\/inicio\/wp-content\/uploads\/2024\/02\/533110ab-ca55-40ed-851c-c72d300cba3d-scaled.webp 1440w\" sizes=\"(max-width: 768px) 100vw, 768px\" \/>\t\t\t\t\t\t\t\t\t\t\t\t\t\t\t<\/div>\n\t\t\t\t<\/div>\n\t\t\t\t<\/div>\n\t\t<div class=\"elementor-element elementor-element-47945bf9 e-con-full e-flex e-con e-child\" data-id=\"47945bf9\" data-element_type=\"container\" data-e-type=\"container\">\n\t\t\t\t<div class=\"elementor-element elementor-element-704470a0 elementor-cta--layout-image-right elementor-cta--valign-middle elementor-cta--mobile-layout-image-above elementor-cta--skin-classic elementor-animated-content elementor-widget elementor-widget-call-to-action\" data-id=\"704470a0\" data-element_type=\"widget\" data-e-type=\"widget\" data-widget_type=\"call-to-action.default\">\n\t\t\t\t<div class=\"elementor-widget-container\">\n\t\t\t\t\t\t\t<div class=\"elementor-cta\">\n\t\t\t\t\t\t\t<div class=\"elementor-cta__content\">\n\t\t\t\t\n\t\t\t\t\t\t\t\t\t<h1 class=\"elementor-cta__title elementor-cta__content-item elementor-content-item\">\n\t\t\t\t\t\t404\t\t\t\t\t<\/h1>\n\t\t\t\t\n\t\t\t\t\t\t\t\t\t<div class=\"elementor-cta__description elementor-cta__content-item elementor-content-item\">\n\t\t\t\t\t\tLo sentimos, la p\u00e1gina que buscas no est\u00e1 disponible por el momento.\t\t\t\t\t<\/div>\n\t\t\t\t\n\t\t\t\t\t\t\t\t\t<div class=\"elementor-cta__button-wrapper elementor-cta__content-item elementor-content-item \">\n\t\t\t\t\t<a class=\"elementor-cta__button elementor-button elementor-size-md\" href=\"https:\/\/colegiosarquidiocesanos.edu.co\/inicio\">\n\t\t\t\t\t\tRegresar al Inicio\t\t\t\t\t<\/a>\n\t\t\t\t\t<\/div>\n\t\t\t\t\t\t\t<\/div>\n\t\t\t\t\t\t<\/div>\n\t\t\t\t\t\t<\/div>\n\t\t\t\t<\/div>\n\t\t\t\t<div class=\"elementor-element elementor-element-3d0561b elementor-align-left elementor-widget elementor-widget-button\" data-id=\"3d0561b\" data-element_type=\"widget\" data-e-type=\"widget\" data-widget_type=\"button.default\">\n\t\t\t\t<div class=\"elementor-widget-container\">\n\t\t\t\t\t\t\t\t\t<div class=\"elementor-button-wrapper\">\n\t\t\t\t\t<a class=\"elementor-button elementor-button-link elementor-size-sm\" href=\"https:\/\/sihfundacion.runacode.com\/colegios\">\n\t\t\t\t\t\t<span class=\"elementor-button-content-wrapper\">\n\t\t\t\t\t\t\t\t\t<span class=\"elementor-button-text\">Pre-Inscripciones<\/span>\n\t\t\t\t\t<\/span>\n\t\t\t\t\t<\/a>\n\t\t\t\t<\/div>\n\t\t\t\t\t\t\t\t<\/div>\n\t\t\t\t<\/div>\n\t\t\t\t<\/div>\n\t\t\t\t\t<\/div>\n\t\t\t\t<\/div>\n\t\t\t\t<\/div>\n\t\t","protected":false},"excerpt":{"rendered":"<p>404 Lo sentimos, la p\u00e1gina que buscas no est\u00e1 disponible por el momento. Regresar al Inicio Pre-Inscripciones<\/p>\n","protected":false},"author":1,"featured_media":0,"parent":0,"menu_order":0,"comment_status":"closed","ping_status":"closed","template":"elementor_header_footer","meta":{"footnotes":""},"class_list":["post-3567","page","type-page","status-publish","hentry"],"yoast_head":"<!-- This site is optimized with the Yoast SEO plugin v27.4 - https:\/\/yoast.com\/product\/yoast-seo-wordpress\/ -->\n<title>404 Pagina Error<\/title>\n<meta name=\"description\" content=\"La pagina que busca no se encuentra, lo sentimos.\" \/>\n<meta name=\"robots\" content=\"noindex, follow\" \/>\n<meta property=\"og:locale\" content=\"es_ES\" \/>\n<meta property=\"og:type\" content=\"article\" \/>\n<meta property=\"og:title\" content=\"404 Pagina Error\" \/>\n<meta property=\"og:description\" content=\"La pagina que busca no se encuentra, lo sentimos.\" \/>\n<meta property=\"og:url\" content=\"https:\/\/colegiosarquidiocesanos.edu.co\/inicio\/error-page\/\" \/>\n<meta property=\"og:site_name\" content=\"Colegios Arquidiocesanos\" \/>\n<meta property=\"article:publisher\" content=\"https:\/\/www.facebook.com\/ColegiosArquidiocesanos\/\" \/>\n<meta property=\"article:modified_time\" content=\"2026-04-22T16:24:09+00:00\" \/>\n<meta property=\"og:image\" content=\"https:\/\/colegiosarquidiocesanos.edu.co\/inicio\/wp-content\/uploads\/2024\/06\/BannerSIH.webp\" \/>\n\t<meta property=\"og:image:width\" content=\"1476\" \/>\n\t<meta property=\"og:image:height\" content=\"687\" \/>\n\t<meta property=\"og:image:type\" content=\"image\/webp\" \/>\n<meta name=\"twitter:card\" content=\"summary_large_image\" \/>\n<meta name=\"twitter:label1\" content=\"Tiempo de lectura\" \/>\n\t<meta name=\"twitter:data1\" content=\"1 minuto\" \/>\n<script type=\"application\/ld+json\" class=\"yoast-schema-graph\">{\"@context\":\"https:\\\/\\\/schema.org\",\"@graph\":[{\"@type\":\"WebPage\",\"@id\":\"https:\\\/\\\/colegiosarquidiocesanos.edu.co\\\/inicio\\\/error-page\\\/\",\"url\":\"https:\\\/\\\/colegiosarquidiocesanos.edu.co\\\/inicio\\\/error-page\\\/\",\"name\":\"404 Pagina Error\",\"isPartOf\":{\"@id\":\"https:\\\/\\\/colegiosarquidiocesanos.edu.co\\\/inicio\\\/#website\"},\"primaryImageOfPage\":{\"@id\":\"https:\\\/\\\/colegiosarquidiocesanos.edu.co\\\/inicio\\\/error-page\\\/#primaryimage\"},\"image\":{\"@id\":\"https:\\\/\\\/colegiosarquidiocesanos.edu.co\\\/inicio\\\/error-page\\\/#primaryimage\"},\"thumbnailUrl\":\"https:\\\/\\\/colegiosarquidiocesanos.edu.co\\\/inicio\\\/wp-content\\\/uploads\\\/2024\\\/06\\\/BannerSIH-1024x477.webp\",\"datePublished\":\"2024-07-12T20:46:20+00:00\",\"dateModified\":\"2026-04-22T16:24:09+00:00\",\"description\":\"La pagina que busca no se encuentra, lo sentimos.\",\"breadcrumb\":{\"@id\":\"https:\\\/\\\/colegiosarquidiocesanos.edu.co\\\/inicio\\\/error-page\\\/#breadcrumb\"},\"inLanguage\":\"es\",\"potentialAction\":[{\"@type\":\"ReadAction\",\"target\":[\"https:\\\/\\\/colegiosarquidiocesanos.edu.co\\\/inicio\\\/error-page\\\/\"]}]},{\"@type\":\"ImageObject\",\"inLanguage\":\"es\",\"@id\":\"https:\\\/\\\/colegiosarquidiocesanos.edu.co\\\/inicio\\\/error-page\\\/#primaryimage\",\"url\":\"https:\\\/\\\/colegiosarquidiocesanos.edu.co\\\/inicio\\\/wp-content\\\/uploads\\\/2024\\\/06\\\/BannerSIH.webp\",\"contentUrl\":\"https:\\\/\\\/colegiosarquidiocesanos.edu.co\\\/inicio\\\/wp-content\\\/uploads\\\/2024\\\/06\\\/BannerSIH.webp\",\"width\":1476,\"height\":687},{\"@type\":\"BreadcrumbList\",\"@id\":\"https:\\\/\\\/colegiosarquidiocesanos.edu.co\\\/inicio\\\/error-page\\\/#breadcrumb\",\"itemListElement\":[{\"@type\":\"ListItem\",\"position\":1,\"name\":\"Portada\",\"item\":\"https:\\\/\\\/colegiosarquidiocesanos.edu.co\\\/inicio\\\/\"},{\"@type\":\"ListItem\",\"position\":2,\"name\":\"error page\"}]},{\"@type\":\"WebSite\",\"@id\":\"https:\\\/\\\/colegiosarquidiocesanos.edu.co\\\/inicio\\\/#website\",\"url\":\"https:\\\/\\\/colegiosarquidiocesanos.edu.co\\\/inicio\\\/\",\"name\":\"Colegios Arquidiocesanos - Mejores Colegios de Cali\",\"description\":\"&quot;Colegios Arquidiocesanos&quot; es el sitio oficial que re\u00fane informaci\u00f3n sobre nuestros mejores colegios de Cali, noticias y actividades destacadas, adem\u00e1s de servicios en l\u00ednea como pagos de mensualidades y acceso al portal estudiantil. Una plataforma integral para estudiantes, padres y comunidad educativa.\",\"publisher\":{\"@id\":\"https:\\\/\\\/colegiosarquidiocesanos.edu.co\\\/inicio\\\/#organization\"},\"alternateName\":\"Arquidiocesanos\",\"potentialAction\":[{\"@type\":\"SearchAction\",\"target\":{\"@type\":\"EntryPoint\",\"urlTemplate\":\"https:\\\/\\\/colegiosarquidiocesanos.edu.co\\\/inicio\\\/?s={search_term_string}\"},\"query-input\":{\"@type\":\"PropertyValueSpecification\",\"valueRequired\":true,\"valueName\":\"search_term_string\"}}],\"inLanguage\":\"es\"},{\"@type\":\"Organization\",\"@id\":\"https:\\\/\\\/colegiosarquidiocesanos.edu.co\\\/inicio\\\/#organization\",\"name\":\"Fundaci\u00f3n Educativa Santa Isabel de Hungr\u00eda\",\"url\":\"https:\\\/\\\/colegiosarquidiocesanos.edu.co\\\/inicio\\\/\",\"logo\":{\"@type\":\"ImageObject\",\"inLanguage\":\"es\",\"@id\":\"https:\\\/\\\/colegiosarquidiocesanos.edu.co\\\/inicio\\\/#\\\/schema\\\/logo\\\/image\\\/\",\"url\":\"https:\\\/\\\/colegiosarquidiocesanos.edu.co\\\/inicio\\\/wp-content\\\/uploads\\\/2024\\\/06\\\/FESIH.png\",\"contentUrl\":\"https:\\\/\\\/colegiosarquidiocesanos.edu.co\\\/inicio\\\/wp-content\\\/uploads\\\/2024\\\/06\\\/FESIH.png\",\"width\":2244,\"height\":2535,\"caption\":\"Fundaci\u00f3n Educativa Santa Isabel de Hungr\u00eda\"},\"image\":{\"@id\":\"https:\\\/\\\/colegiosarquidiocesanos.edu.co\\\/inicio\\\/#\\\/schema\\\/logo\\\/image\\\/\"},\"sameAs\":[\"https:\\\/\\\/www.facebook.com\\\/ColegiosArquidiocesanos\\\/\",\"https:\\\/\\\/www.instagram.com\\\/colegios.arquidiocesanos\\\/\"]}]}<\/script>\n<!-- \/ Yoast SEO plugin. -->","yoast_head_json":{"title":"404 Pagina Error","description":"La pagina que busca no se encuentra, lo sentimos.","robots":{"index":"noindex","follow":"follow"},"og_locale":"es_ES","og_type":"article","og_title":"404 Pagina Error","og_description":"La pagina que busca no se encuentra, lo sentimos.","og_url":"https:\/\/colegiosarquidiocesanos.edu.co\/inicio\/error-page\/","og_site_name":"Colegios Arquidiocesanos","article_publisher":"https:\/\/www.facebook.com\/ColegiosArquidiocesanos\/","article_modified_time":"2026-04-22T16:24:09+00:00","og_image":[{"width":1476,"height":687,"url":"https:\/\/colegiosarquidiocesanos.edu.co\/inicio\/wp-content\/uploads\/2024\/06\/BannerSIH.webp","type":"image\/webp"}],"twitter_card":"summary_large_image","twitter_misc":{"Tiempo de lectura":"1 minuto"},"schema":{"@context":"https:\/\/schema.org","@graph":[{"@type":"WebPage","@id":"https:\/\/colegiosarquidiocesanos.edu.co\/inicio\/error-page\/","url":"https:\/\/colegiosarquidiocesanos.edu.co\/inicio\/error-page\/","name":"404 Pagina Error","isPartOf":{"@id":"https:\/\/colegiosarquidiocesanos.edu.co\/inicio\/#website"},"primaryImageOfPage":{"@id":"https:\/\/colegiosarquidiocesanos.edu.co\/inicio\/error-page\/#primaryimage"},"image":{"@id":"https:\/\/colegiosarquidiocesanos.edu.co\/inicio\/error-page\/#primaryimage"},"thumbnailUrl":"https:\/\/colegiosarquidiocesanos.edu.co\/inicio\/wp-content\/uploads\/2024\/06\/BannerSIH-1024x477.webp","datePublished":"2024-07-12T20:46:20+00:00","dateModified":"2026-04-22T16:24:09+00:00","description":"La pagina que busca no se encuentra, lo sentimos.","breadcrumb":{"@id":"https:\/\/colegiosarquidiocesanos.edu.co\/inicio\/error-page\/#breadcrumb"},"inLanguage":"es","potentialAction":[{"@type":"ReadAction","target":["https:\/\/colegiosarquidiocesanos.edu.co\/inicio\/error-page\/"]}]},{"@type":"ImageObject","inLanguage":"es","@id":"https:\/\/colegiosarquidiocesanos.edu.co\/inicio\/error-page\/#primaryimage","url":"https:\/\/colegiosarquidiocesanos.edu.co\/inicio\/wp-content\/uploads\/2024\/06\/BannerSIH.webp","contentUrl":"https:\/\/colegiosarquidiocesanos.edu.co\/inicio\/wp-content\/uploads\/2024\/06\/BannerSIH.webp","width":1476,"height":687},{"@type":"BreadcrumbList","@id":"https:\/\/colegiosarquidiocesanos.edu.co\/inicio\/error-page\/#breadcrumb","itemListElement":[{"@type":"ListItem","position":1,"name":"Portada","item":"https:\/\/colegiosarquidiocesanos.edu.co\/inicio\/"},{"@type":"ListItem","position":2,"name":"error page"}]},{"@type":"WebSite","@id":"https:\/\/colegiosarquidiocesanos.edu.co\/inicio\/#website","url":"https:\/\/colegiosarquidiocesanos.edu.co\/inicio\/","name":"Colegios Arquidiocesanos - Mejores Colegios de Cali","description":"&quot;Colegios Arquidiocesanos&quot; es el sitio oficial que re\u00fane informaci\u00f3n sobre nuestros mejores colegios de Cali, noticias y actividades destacadas, adem\u00e1s de servicios en l\u00ednea como pagos de mensualidades y acceso al portal estudiantil. Una plataforma integral para estudiantes, padres y comunidad educativa.","publisher":{"@id":"https:\/\/colegiosarquidiocesanos.edu.co\/inicio\/#organization"},"alternateName":"Arquidiocesanos","potentialAction":[{"@type":"SearchAction","target":{"@type":"EntryPoint","urlTemplate":"https:\/\/colegiosarquidiocesanos.edu.co\/inicio\/?s={search_term_string}"},"query-input":{"@type":"PropertyValueSpecification","valueRequired":true,"valueName":"search_term_string"}}],"inLanguage":"es"},{"@type":"Organization","@id":"https:\/\/colegiosarquidiocesanos.edu.co\/inicio\/#organization","name":"Fundaci\u00f3n Educativa Santa Isabel de Hungr\u00eda","url":"https:\/\/colegiosarquidiocesanos.edu.co\/inicio\/","logo":{"@type":"ImageObject","inLanguage":"es","@id":"https:\/\/colegiosarquidiocesanos.edu.co\/inicio\/#\/schema\/logo\/image\/","url":"https:\/\/colegiosarquidiocesanos.edu.co\/inicio\/wp-content\/uploads\/2024\/06\/FESIH.png","contentUrl":"https:\/\/colegiosarquidiocesanos.edu.co\/inicio\/wp-content\/uploads\/2024\/06\/FESIH.png","width":2244,"height":2535,"caption":"Fundaci\u00f3n Educativa Santa Isabel de Hungr\u00eda"},"image":{"@id":"https:\/\/colegiosarquidiocesanos.edu.co\/inicio\/#\/schema\/logo\/image\/"},"sameAs":["https:\/\/www.facebook.com\/ColegiosArquidiocesanos\/","https:\/\/www.instagram.com\/colegios.arquidiocesanos\/"]}]}},"_links":{"self":[{"href":"https:\/\/colegiosarquidiocesanos.edu.co\/inicio\/wp-json\/wp\/v2\/pages\/3567","targetHints":{"allow":["GET"]}}],"collection":[{"href":"https:\/\/colegiosarquidiocesanos.edu.co\/inicio\/wp-json\/wp\/v2\/pages"}],"about":[{"href":"https:\/\/colegiosarquidiocesanos.edu.co\/inicio\/wp-json\/wp\/v2\/types\/page"}],"author":[{"embeddable":true,"href":"https:\/\/colegiosarquidiocesanos.edu.co\/inicio\/wp-json\/wp\/v2\/users\/1"}],"replies":[{"embeddable":true,"href":"https:\/\/colegiosarquidiocesanos.edu.co\/inicio\/wp-json\/wp\/v2\/comments?post=3567"}],"version-history":[{"count":3,"href":"https:\/\/colegiosarquidiocesanos.edu.co\/inicio\/wp-json\/wp\/v2\/pages\/3567\/revisions"}],"predecessor-version":[{"id":7118,"href":"https:\/\/colegiosarquidiocesanos.edu.co\/inicio\/wp-json\/wp\/v2\/pages\/3567\/revisions\/7118"}],"wp:attachment":[{"href":"https:\/\/colegiosarquidiocesanos.edu.co\/inicio\/wp-json\/wp\/v2\/media?parent=3567"}],"curies":[{"name":"wp","href":"https:\/\/api.w.org\/{rel}","templated":true}]}}